te -32 + 15 + 12 + 6.
1
What is the value of (-196 - -163) + (-5 - -42)?
4
What is the value of -18 - (5 - (14 - 13)) - 0?
-22
What is the value of 6 + 0 + (5 - 11) + -13 + -5?
-18
Calculate (-25 - (67 + -26)) + 32.
-34
Calculate -9 - -1 - (-6 - -12 - 18).
4
What is the value of (-29 - -55 - 23) + (1 - (15 - 2))?
-9
What is the value of 16 - (8 - 15 - 10)?
33
What is the value of 0 - (-20 - -20 - 20)?
20
-2 + 3 - (5 + (-6 + 3 - -10))
-11
-8 + 1 + 0 + -47 + 54
0
What is (-1 - (-3 + 5 - 5)) + 5 + 0?
7
Calculate (-64 - -103) + (0 - 2).
37
What is 11 + -3 + (41 - 29) + 2?
22
-6 + -17 + 19 - (-9 + 1 - 0)
4
What is the value of 3 - (0 + (-8 - -3)) - 1?
7
(4 + 23 - 4) + -5 - 3
15
(2 - (3 - -2)) + (-68 + 26 - -55)
10
Evaluate 9 + 6 - (7 - -3).
5
What is the value of -6 - ((-7 - 4) + 4) - 10?
-9
What is 1061 + -1086 - (-19 + -1)?
-5
What is the value of (10 - 14) + -2 + 1 + 11 + 2?
8
What is the value of (3 - -5) + -8 + 11 - 22?
-11
Calculate -150 - -165 - (3 - -17).
-5
4 + -1 - (8 - (-6 + 5) - 6)
0
What is 35 + (-118 - -36) + 13?
-34
18 + -20 + 3 - 6
-5
Calculate 24 + -17 + (-6 - 0) + -2.
-1
Evaluate -21 + 13 + (-6 - -21) + (-1 - -3).
9
What is -14 - (-10 + 3 - -7)?
-14
Calculate 6 + -5 + -7 + 4 + -1 - 3.
-6
What is the value of 2 + 5 - (103 + -84)?
-12
What is the value of ((-6 - -7) + -6 - -6) + 2 - -4?
7
Calculate 3 + -16 + (-14 - (-3 - 6)).
-18
What is 4 + -9 - (1 + 6) - (5 + -5)?
-12
Calculate (42 - 14 - 18) + (17 - 2).
25
What is the value of 6 + (39 - (9 - -9))?
27
What is -8 - (11 - (-5 - (-14 - -11)))?
-21
Evaluate 59 + -44 + -8 + (-1 - 24).
-18
-59 + 16 + 23 - 0
-20
What is the value of -9 - (9 - 23) - 0 - -5?
10
What is the value of 9 + -20 + 26 - 0?
15
What is the value of 2 - (-1 + 7) - (-244 - -231)?
9
Calculate 26 - 0 - (-127 - -148).
5
What is 357 + -349 + -23 + 0?
-15
What is 0 + -2 + 5 + -59 + 100 + -57?
-13
Calculate -493 + 521 - (15 + 0).
13
22 - (-10 - (11 + -5 + -18 + -5))
15
(2 - -8) + -16 + (2 - -2) + 14
12
What is the value of 6 + (2 - (-1 + -3 + (18 - -4)))?
-10
Calculate 7 - (-34 - -42 - (12 - 2)).
9
Calculate -22 + -21 + 5 + 35.
-3
What is -2 - (-7 - -3) - (-9 - -6)?
5
12 - (-20 - (9 + -39))
2
-22 + -2 + 21 + -6
-9
What is the value of -25 - (28 + -61 + -4)?
12
0 - 6 - (-3 - 16 - 1 - -2)
12
What is the value of -2 + 8 + -1 + 6 + (-2 - -2)?
11
Calculate -9 + 1 + (4 - 7 - (1 - 5)).
-7
Calculate -14 - (-9 + -20 + 4).
11
Evaluate -2 - (-4 + (-4 - (10 - 24)) + -4).
-4
Evaluate 15 + -39 - (6 + -18 + (0 - 0)).
-12
(0 - -4 - -1) + 136 + -139
2
-3 + 15 + (11 - 14 - 11)
-2
Evaluate -8 + 0 + (38 - (46 - 43)).
27
Calculate -12 + (5 + -1 - (21 + -17)).
-12
Calculate -17 - (13 - (-12 - -29)).
-13
Evaluate -8 - (30 - (-19 + 43)).
-14
Evaluate (30 - 26 - 24) + 4.
-16
-31 + 29 + (0 + -5 - -14) + -8
-1
What is 4 + -3 + -2 + (21 - 1 - 24)?
-5
6 - (6 - -1) - -3 - (-7 + -11)
20
-1 + -7 + -84 + 112
20
What is the value of -224 - -230 - (19 + -2)?
-11
What is the value of -18 - (-7 + -10) - (1 - 1)?
-1
Calculate (14 + -12 + 10 - 12) + -3 - -31.
28
(1 - 7 - (-4 - 1)) + 20 + -5
14
Evaluate 23 + (-5 - (38 + -18)).
-2
-17 + (36 - 17) + -19 + -2
-19
What is (-10 + 11 - (-1 - (3 - 9))) + 0?
-4
What is the value of (-19 - 3) + 12 + 26 + 2?
18
Calculate 20 + -31 + (8 + -3 - 5).
-11
Evaluate (-4 - -2 - 6) + -1 + 3 + 2.
-4
2 + (3 - 4 - 1) + 10 + -6
4
-40 + 41 - (-11 - (-4 - (3 + -6)))
11
What is the value of (-10 - -5) + 4 + (0 - -4) - 12?
-9
Evaluate -32 + (11 + -8 - 0 - (-3 + -4)).
-22
What is (11 + -5 - 49) + 10 + -19 + 20?
-32
(-26 - -27) + 1 + 7
9
Evaluate 21 + (8 - 16) - 22 - 15.
-24
Calculate -5 - (7 - 1 - (0 - -5)).
-6
What is (-1 - (-3 - -3 - 8)) + -2 + -1?
4
What is 0 - (12 + 1 + -7) - -15?
9
Evaluate 96 - 111 - (-3 + (5 - 2)).
-15
Evaluate 117 + -114 + 2 + (2 - -1).
8
Calculate (8 + 18 - 17 - 17) + 0 + -10.
-18
Calculate 4 + 0 - (-8 + 18 + -18).
12
What is -39 + (45 - 32 - -29)?
3
-15 + (-3 - -8) - -38
28
3 - (24 - (1 - (-8 + 1)))
-13
11 + (-17 - 12) + (5 - -1) + -3
-15
Evaluate -50 + 33 - (-3 + (6 - 48)).
28
-27 + (-3 - -12) + (11 - (-3 + 13))
-17
(10 - 17 - 2) + 7 + 1 + 31
30
Calculate -10 + 4 - (-7 - 11) - 6.
6
What is the value of 1 + 3 - (-7 + (-14 - -29))?
-4
Evaluate (10 - 2) + (19 - 31) - (0 + 2).
-6
What is the value of -3 + 0 + 0 + -1 + 9 + 1?
6
(2 - 29) + (4 - -22)
-1
Evaluate 2 - (-5 + -3 - -11).
-1
Calculate (0 - 6 - -5) + -2 - (1 - 36).
32
Evaluate 0 + -16 + (46 - 47) + 1 + -5.
-21
Evaluate 6 - (3 + (3 - 4)) - -8.
12
Evaluate 1 - (2 - -3) - ((2 - 1) + 1).
-6
Evaluate 39 - 37 - (6 + (2 - (-34 + 3))).
-37
Evaluate (-2 - (-3 - 2)) + (-4 - 1).
-2
What is -14 + 14 + -31 + 21?
-10
What is 5 + -20 + -2 - -37?
20
What is -12 + 6 + -5 + 2 + -6 + 14?
-1
Calculate -4 + 3 + -1 + 5 + 12 + -3.
12
What is the value of -4 + 2 - (-3 - 10)?
11
-1 - -20 - (11 + -13)
21
-4 + (-15 + 9 - -15)
5
What is -31 + 21 + (-6 - 1) + 33 + 0?
16
What is -6 + (110 - 102 - (-1 + 0)) - -17?
20
What is -3 + 38 + -1 + -20 + 8?
22
Calculate 28 + -32 - (18 + -45).
23
Evaluate 20 - (-10 + (14 - -11)).
5
23 - (7 + 16 - 23)
23
What is 66 - 60 - (5 + 2 + -4)?
3
Calculate -3 + 8 + -7 + 2 + (-3 - -6).
3
-14 + -11 - (4 + 2)
-31
What is (-11 - -9) + 19 + -8?
9
What is (2 - -28) + (-10 - (-6 - -13) - -8)?
21
What is (10 + 6 - 25) + -10 + -1?
-20
Calculate (9 + -33 - -14) + 2 + -1 + 3.
-6
Calculate -13 - (-2 + -2 - -8).
-17
Calculate -13 - -6 - (5 + -9) - -9.
6
58 + -53 + (-4 - -1 - -2)
4
What is the value of 6 + -5 + -2 + (-11 - -6) - -6?
0
Evaluate 41 - 15 - ((0 - 4) + 5 + 8).
17
8 + 0 + (-49 - (23 - 77))
13
Calculate 10 + (-40 - -23 - -34).
27
3 + (-5 - 6) + 18
10
What is 2 + -5 + -3 + 12 + 0?
6
What is (-1 - -15 - 21) + 8?
1
What is (11 - (-6 - -8)) + -21 - -38?
26
Evaluate 0 - (-2 + 4 - -2) - (5 - 13).
4
Calculate 1 - (0 + 0) - (-3 - -11 - -18).
-25
What is the value of -11 + (-11 - -42) - 7 - -1?
14
Calculate 17 - (0 + 13 - -6).
-2
What is the value of -16 + (-55 + 52 - (-1 + 4))?
-22
Calculate (-40 - -13) + 24 - (0 - 5).
2
Calculate (-35 - -9) + 7 - -13.
-6
-7 + 1 + (3 - -9) + (4 - -1)
11
-9 + 1 + 10 + -1 - (11 - 3)
-7
Calculate -8 - (-40 + 16 - -15).
1
Calculate -4 + (12 - 17 - -14).
5
What is the value of (-1 - -1 - -5) + -9 + (-23 - -18)?
-9
Evaluate 44 + -16 + (1 - 15).
14
What is 9 + 9 + -16 + 1 + -3?
0
What is -3 + 7 - (-6 - (5 + -17 - -1))?
-1
What is -6 + -24 + (30 - 1)?
-1
What is the value of -2 + 1 + -4 - (35 + -38)?
-2
What is the value of (12 - 22) + 25 + -37?
-22
What is (7 - 10) + (13 + -18 - (0 - 17))?
9
What is the value of 8 - (6 - (3 + 13) - (3 + -9))?
12
What is the value of 12 + -17 + (-2 - 5 - (-39 + 11))?
16
Evaluate 7 - (-34 + 54 + 1).
-14
What is the value of (6 - 15) + (-5 - (3 - 6)) + 0?
-11
What is the value of -8 + -11 + 1 + 28 + -6 + -32?
-28
Evaluate 20 - (38 - 8 - 15).
5
0 + 2 + -3 + (6 + -2 - -1)
4
Calculate -10 + (13 - (11 + -9)) - -3.
4
Calculate 11 + -20 + (10 - 1) + -36.
-36
What is (-13 - (-15 - 12)) + -3?
11
Evaluate (1 - -5) + -543 + 554.
17
Evaluate -1 + 70 + -35 + 16 + -17.
33
Evaluate -31 + 0 + 19 + -10.
-22
What is -7 + -25 + (23 - -17)?
8
What is the value of (2 - 9 - (2 - (4 - -3))) + 0?
-2
What is (-42 - -27) + (1 + -7 - -1)?
-20
Evaluate -4 + (9 - 1) + -8 + -2 + -4.
-10
156 - 126 - (-2 + -4)
36
What is -3 + (6 - (-13 - -9)) - 17?
-10
Evaluate 29 - (-2 + 16) - (-1 + 24).
-8
Evaluate 15 - (0 + 6) - (11 + -15).
13
What is (6 + 7 - 15) + 6 + 3 + -3?
4
What is the value of (0 - 0) + (-9 - -9) + 3 - -11?
14
Evaluate 20 - 1 - (-4 - 1 - -20 - 11).
15
What is 1 + -2 + (-4 - (3 + -5 + -8))?
5
What is 11 + (6 - (15 + -6)) + -8?
0
Evaluate -9 - -2 - (56 + -48).
-15
7 - (0 + 5) - (-9 - (0 + 0))
11
What is the value of (9 + -1 - 0) + 127 + -126 + 7?
16
Evaluate (-23 - 1) + 157 + -140.
-7
Calculate 24 - (-14 + 20 + 7).
11
0 + 0 + (-11 - -1 - (-118 + 123))
-15
What is the value of 3 - (50 + -50 - (1 - -5)) - 2?
7
What is the value of -3 - -5 - (-80 - -67)?
15
Calculate 1 - -9 - (79 - 75).
6
Calculate (1 - -11) + 21 + -17 + 2 + 2.
20
8 - ((37 - 39) + (-1 - (1 + -2)))
10
Calculate -20 + -59 - -33 - -20.
-26
3 - -9 - 36 - -15
-9
What is -21 - (6 + (-5 - (10 - 6)))?
-18
Calculate -3 + 12 + (-17 - -1).
-7
(2 - (-19 - -11)) + -12 + -31
-33
5 - (2 - 1) - (8 + -9 + -7)
12
-9 + -27 + 23 - (-1 + -2)
-10
Calculate 3 + -5 + -15 + 25.
8
Calculate (9 